{"id":330,"date":"2017-04-10T17:39:59","date_gmt":"2017-04-10T15:39:59","guid":{"rendered":"http:\/\/emrolab.htw-saarland.de\/?page_id=330"},"modified":"2026-04-13T09:42:52","modified_gmt":"2026-04-13T07:42:52","slug":"industrieprojekte","status":"publish","type":"page","link":"https:\/\/emrolab.htwsaar.de\/index.php\/feeul-projekte\/industrieprojekte\/","title":{"rendered":"Industrieprojekte"},"content":{"rendered":"<table style=\"height: 113px;\" width=\"1012\">\n<tbody>\n<tr>\n<td><strong>Saarl\u00e4ndisches Unternehmen im Bereich Software-L\u00f6sungen Automotive und Produktionssteuerung<\/strong><\/td>\n<\/tr>\n<tr>\n<td>Datenclouds in der Automobilindustrie<\/td>\n<\/tr>\n<tr>\n<td>Software-L\u00f6sungen zur Produktionssteuerung im Automotivebereich<\/td>\n<\/tr>\n<\/tbody>\n<\/table>\n<table style=\"height: 173px;\" width=\"1021\">\n<tbody>\n<tr>\n<td><strong>Saarl\u00e4ndisches Unternehmen im Bereich Metrologie, Sensorik, Informations- und Kommunikationstechnologien<\/strong><\/td>\n<\/tr>\n<tr>\n<td>Softwaredesign und Entwicklung f\u00fcr Umweltsensoren und Softwaresensoren<\/td>\n<\/tr>\n<tr>\n<td>Konzeption von Datenbanksystemen als Backend f\u00fcr Sensornetzwerke<\/td>\n<\/tr>\n<tr>\n<td>Sensor\u00fcberwachung mit industrietauglichen Methoden<\/td>\n<\/tr>\n<tr>\n<td>\u201ePredictive maintenance&#8220; der autarken Sensorik<\/td>\n<\/tr>\n<\/tbody>\n<\/table>\n","protected":false},"excerpt":{"rendered":"<p>Saarl\u00e4ndisches Unternehmen im Bereich Software-L\u00f6sungen Automotive und Produktionssteuerung Datenclouds in der Automobilindustrie Software-L\u00f6sungen zur Produktionssteuerung im Automotivebereich Saarl\u00e4ndisches Unternehmen im Bereich Metrologie, Sensorik, Informations- und Kommunikationstechnologien Softwaredesign und Entwicklung f\u00fcr Umweltsensoren und Softwaresensoren Konzeption von Datenbanksystemen als Backend f\u00fcr Sensornetzwerke<\/p>\n","protected":false},"author":12,"featured_media":0,"parent":501,"menu_order":0,"comment_status":"closed","ping_status":"closed","template":"","meta":{"footnotes":""},"class_list":["post-330","page","type-page","status-publish","hentry"],"_links":{"self":[{"href":"https:\/\/emrolab.htwsaar.de\/index.php\/wp-json\/wp\/v2\/pages\/330","targetHints":{"allow":["GET"]}}],"collection":[{"href":"https:\/\/emrolab.htwsaar.de\/index.php\/wp-json\/wp\/v2\/pages"}],"about":[{"href":"https:\/\/emrolab.htwsaar.de\/index.php\/wp-json\/wp\/v2\/types\/page"}],"author":[{"embeddable":true,"href":"https:\/\/emrolab.htwsaar.de\/index.php\/wp-json\/wp\/v2\/users\/12"}],"replies":[{"embeddable":true,"href":"https:\/\/emrolab.htwsaar.de\/index.php\/wp-json\/wp\/v2\/comments?post=330"}],"version-history":[{"count":12,"href":"https:\/\/emrolab.htwsaar.de\/index.php\/wp-json\/wp\/v2\/pages\/330\/revisions"}],"predecessor-version":[{"id":2878,"href":"https:\/\/emrolab.htwsaar.de\/index.php\/wp-json\/wp\/v2\/pages\/330\/revisions\/2878"}],"up":[{"embeddable":true,"href":"https:\/\/emrolab.htwsaar.de\/index.php\/wp-json\/wp\/v2\/pages\/501"}],"wp:attachment":[{"href":"https:\/\/emrolab.htwsaar.de\/index.php\/wp-json\/wp\/v2\/media?parent=330"}],"curies":[{"name":"wp","href":"https:\/\/api.w.org\/{rel}","templated":true}]}}